{"id":802,"date":"2025-05-10T00:55:29","date_gmt":"2025-05-09T21:55:29","guid":{"rendered":"https:\/\/storiakw.com\/?post_type=product&#038;p=802"},"modified":"2026-04-08T17:35:07","modified_gmt":"2026-04-08T14:35:07","slug":"gf-gabbi-caramels-with-mint-flavour-90g","status":"publish","type":"product","link":"https:\/\/storiakw.com\/?product=gf-gabbi-caramels-with-mint-flavour-90g","title":{"rendered":"GF Gabbi Caramels with Mint Flavour 90g"},"content":{"rendered":"<p>Made in Poland<\/p>\n<p><strong>(GB) GF\u00a0Gabbi Caramels with Mint Flavour 90g<\/strong><br \/>\nIngredients: <em>Sugar, glucose syrup, peppermint oil (0,23%), colours: copper complexes of chlorophylls and chlorophyllins, curcumin.<\/em><\/p>\n<p><strong style=\"color: #333333;\">The Product is gluten-free. However, it may contain milk and its products, soybeans and their products, peanuts,<em>\u00a0and other nuts.<\/em><\/strong><\/p>\n<p><em>Product made from raw materials that doesn\u2019t contain GMO<\/em><\/p>\n<table>\n<tbody>\n<tr>\n<td colspan=\"2\" width=\"356\"><strong>Warto\u015b\u0107 od\u017cywcza w 100 g produktu \/<\/strong><\/p>\n<p><strong><em>Nutrition value in 100g of product<\/em><\/strong><\/td>\n<\/tr>\n<tr>\n<td width=\"213\">Energia <em>\/ Energy<\/em><\/td>\n<td width=\"144\">1666 kJ \/ 392 kcal<\/td>\n<\/tr>\n<tr>\n<td width=\"213\">T\u0142uszcz \/<em> Fat<\/em><\/td>\n<td width=\"144\">0 g<\/td>\n<\/tr>\n<tr>\n<td width=\"213\">w tym kwasy t\u0142uszczowe nasycone \/ <em>of which saturates<\/em><\/td>\n<td width=\"144\">0 g<\/td>\n<\/tr>\n<tr>\n<td width=\"213\">W\u0119glowodany \/ <em>Carbohydrate<\/em><\/td>\n<td width=\"144\">98 g<\/td>\n<\/tr>\n<tr>\n<td width=\"213\">w tym cukry \/ <em>of which sugars<\/em><\/td>\n<td width=\"144\">76 g<\/td>\n<\/tr>\n<tr>\n<td width=\"213\">Bia\u0142ko \/ <em>Protein<\/em><\/td>\n<td width=\"144\">0 g<\/td>\n<\/tr>\n<tr>\n<td width=\"213\">S\u00f3l \/ <em>Salt<\/em><\/td>\n<td width=\"144\">0 g<\/td>\n<\/tr>\n<\/tbody>\n<\/table>\n<p>&nbsp;<\/p>\n<p><strong>\u00a0\u062d\u0644\u0648\u0649 \u0627\u0644\u0643\u0631\u0627\u0645\u064a\u0644 \u0628\u0646\u0643\u0647\u0629 \u0627\u0644\u0646\u0639\u0646\u0627\u0639 <\/strong><strong>\u062e\u0627\u0644\u064a\u0629 \u0645\u0646 \u0627\u0644\u063a\u0644\u0648\u062a\u064a\u0646<\/strong><strong> \u2013 90 \u062c\u0631\u0627\u0645<\/strong><\/p>\n<p><strong><u>\u0627\u0644\u0645\u0643\u0648\u0646\u0627\u062a:<\/u><\/strong> \u0633\u0643\u0631\u060c \u0634\u0631\u0627\u0628 \u0627\u0644\u062c\u0644\u0648\u0643\u0648\u0632\u060c \u0632\u064a\u062a \u0627\u0644\u0646\u0639\u0646\u0627\u0639 (0.23%)\u060c \u0623\u0644\u0648\u0627\u0646: \u0645\u0631\u0643\u0628\u0627\u062a \u0627\u0644\u0646\u062d\u0627\u0633 \u0645\u0639 \u0627\u0644\u0643\u0644\u0648\u0631\u0648\u0641\u064a\u0644 \u0648\u0627\u0644\u0643\u0644\u0648\u0631\u0648\u0641\u064a\u0644\u064a\u0646\u060c \u0627\u0644\u0643\u0631\u0643\u0645\u064a\u0646.<\/p>\n<p><strong><u>\u062a\u062d\u0630\u064a\u0631 \u0645\u0646 \u0627\u0644\u062d\u0633\u0627\u0633\u064a\u0629:<\/u><\/strong> \u0642\u062f \u064a\u062d\u062a\u0648\u064a \u0647\u0630\u0627 \u0627\u0644\u0645\u0646\u062a\u062c \u0639\u0644\u0649: \u0627\u0644\u062d\u0644\u064a\u0628 \u0648\u0645\u0646\u062a\u062c\u0627\u062a\u0647\u060c \u0641\u0648\u0644 \u0627\u0644\u0635\u0648\u064a\u0627 \u0648\u0645\u0646\u062a\u062c\u0627\u062a\u0647\u060c \u0627\u0644\u0641\u0648\u0644 \u0627\u0644\u0633\u0648\u062f\u0627\u0646\u064a \u0648\u0627\u0644\u0645\u0643\u0633\u0631\u0627\u062a \u0627\u0644\u0623\u062e\u0631\u0649.<\/p>\n<p><strong><u>\u0647\u0630\u0627 \u0627\u0644\u0645\u0646\u062a\u062c \u062e\u0627\u0644\u064a \u0645\u0646 \u0627\u0644\u063a\u0644\u0648\u062a\u064a\u0646 \u060c \u0648\u062e\u0627\u0644\u064a \u0645\u0646 \u0627\u0644\u0623\u0644\u0648\u0627\u0646 \u0627\u0644\u0635\u0646\u0627\u0639\u064a\u0629 \u0648\u0627\u0644\u0646\u0643\u0647\u0627\u062a \u0627\u0644\u0635\u0646\u0627\u0639\u064a\u0629 \u0648\u0627\u0644\u0645\u0648\u0627\u062f \u0627\u0644\u0645\u0639\u062f\u0644\u0629 \u0648\u0631\u0627\u062b\u064a\u0627. <\/u><\/strong><\/p>\n<p>\u0627\u062d\u0641\u0638\u0647 \u0641\u064a \u0645\u0643\u0627\u0646 \u0628\u0627\u0631\u062f \u0648\u062c\u0627\u0641 \u0628\u0639\u064a\u062f\u0627 \u0639\u0646 \u0623\u0634\u0639\u0629 \u0627\u0644\u0634\u0645\u0633 \u0627\u0644\u0645\u0628\u0627\u0634\u0631\u0629.<\/p>\n<p><strong><u>\u0627\u0644\u0648\u0632\u0646 \u0627\u0644\u0635\u0627\u0641\u064a:<\/u><\/strong> 90 \u063a\u0631\u0627\u0645. <strong><u>\u0627\u0644\u0645\u0646\u0634\u0623:<\/u><\/strong> \u0628\u0648\u0644\u0646\u062f\u0627.<\/p>\n<p>&nbsp;<\/p>\n<table width=\"132\">\n<tbody>\n<tr>\n<td width=\"132\"><strong>\u0627\u0644\u062d\u0642\u0627\u0626\u0642 \u0627\u0644\u062a\u063a\u0630\u0648\u064a\u0629<\/strong><strong> \u0644\u0643\u0644 100 \u063a\u0631\u0627\u0645<\/strong><\/td>\n<\/tr>\n<tr>\n<td width=\"132\"><strong>\u0627\u0644\u0633\u0639\u0631\u0627\u062a \u0627\u0644\u062d\u0631\u0627\u0631\u064a\u0629 <\/strong><strong>392<\/strong><strong> \u0643\u0627\u0644\u0648\u0631\u064a<\/strong><strong>\/<\/strong><strong> \u0627\u0644\u0637\u0627\u0642\u0629 <\/strong><strong>\u00a01666 <\/strong><strong>\u0643\u062c<\/strong><\/td>\n<\/tr>\n<tr>\n<td width=\"132\"><strong>\u0627\u0644\u062f\u0647\u0648\u0646 \u0627\u0644\u0643\u0644\u064a\u0629 0 \u063a\u0631\u0627\u0645<\/strong><\/td>\n<\/tr>\n<tr>\n<td width=\"132\">\u062f\u0647\u0648\u0646 \u0645\u0634\u0628\u0639\u0629 0 \u063a\u0631\u0627\u0645<\/td>\n<\/tr>\n<tr>\n<td width=\"132\">0 \u0645\u0644\u063a\u0631\u0627\u0645 \u062f\u0647\u0648\u0646 \u0645\u062a\u062d\u0648\u0644\u0629<\/td>\n<\/tr>\n<tr>\n<td width=\"132\"><strong>98 \u063a\u0631\u0627\u0645<\/strong><strong> \u0627\u0644\u0643\u0631\u0628\u0648\u0647\u064a\u062f\u0631\u0627\u062a \u0627\u0644\u0643\u0644\u064a\u0629<\/strong><\/td>\n<\/tr>\n<tr>\n<td width=\"132\">\u0627\u0644\u0623\u0644\u064a\u0627\u0641 \u0627\u0644\u063a\u0630\u0627\u0626\u064a\u0629 0 \u063a\u0631\u0627\u0645<\/td>\n<\/tr>\n<tr>\n<td width=\"132\">76 \u063a\u0631\u0627\u0645 \u0633\u0643\u0631\u064a\u0627\u062a \u0643\u0644\u064a\u0629<\/td>\n<\/tr>\n<tr>\n<td width=\"132\">\u064a\u062a\u0636\u0645\u0646 \u0645\u062d\u0644\u064a\u0627\u062a \u062e\u0627\u0644\u064a\u0647 \u0645\u0646 \u0627\u0644\u0633\u0643\u0631 0 \u063a\u0631\u0627\u0645<\/td>\n<\/tr>\n<tr>\n<td width=\"132\"><strong>\u0628\u0631\u0648\u062a\u064a\u0646 0 <\/strong>\u063a\u0631\u0627\u0645<\/td>\n<\/tr>\n<tr>\n<td width=\"132\"><strong>\u0645\u0644\u062d 0 <\/strong>\u063a\u0631\u0627\u0645<\/td>\n<\/tr>\n<\/tbody>\n<\/table>\n<p>&nbsp;<\/p>\n<p>&nbsp;<\/p>\n","protected":false},"excerpt":{"rendered":"<p>Made in Poland (GB) GF\u00a0Gabbi Caramels with Mint Flavour 90g Ingredients: Sugar, glucose syrup, peppermint oil (0,23%), colours: copper complexes of chlorophylls and chlorophyllins, curcumin. The Product is gluten-free. However, it may contain milk and its products, soybeans and their products, peanuts,\u00a0and other nuts. Product made from raw materials that doesn\u2019t contain GMO Warto\u015b\u0107 od\u017cywcza [&#8230;]\n","protected":false},"featured_media":783,"comment_status":"closed","ping_status":"closed","template":"","meta":[],"product_brand":[],"product_cat":[18,63,25,22,79],"product_tag":[],"class_list":{"0":"post-802","1":"product","2":"type-product","3":"status-publish","4":"has-post-thumbnail","6":"product_cat-all-products","7":"product_cat-dolce-amo-confectionery","8":"product_cat-gluten-free","9":"product_cat-snacks","10":"product_cat-vegan","12":"first","13":"outofstock","14":"sale","15":"shipping-taxable","16":"purchasable","17":"product-type-simple"},"lang":"en","translations":{"en":802},"jetpack_sharing_enabled":true,"pll_sync_post":[],"_links":{"self":[{"href":"https:\/\/storiakw.com\/index.php?rest_route=\/wp\/v2\/product\/802","targetHints":{"allow":["GET"]}}],"collection":[{"href":"https:\/\/storiakw.com\/index.php?rest_route=\/wp\/v2\/product"}],"about":[{"href":"https:\/\/storiakw.com\/index.php?rest_route=\/wp\/v2\/types\/product"}],"replies":[{"embeddable":true,"href":"https:\/\/storiakw.com\/index.php?rest_route=%2Fwp%2Fv2%2Fcomments&post=802"}],"wp:featuredmedia":[{"embeddable":true,"href":"https:\/\/storiakw.com\/index.php?rest_route=\/wp\/v2\/media\/783"}],"wp:attachment":[{"href":"https:\/\/storiakw.com\/index.php?rest_route=%2Fwp%2Fv2%2Fmedia&parent=802"}],"wp:term":[{"taxonomy":"product_brand","embeddable":true,"href":"https:\/\/storiakw.com\/index.php?rest_route=%2Fwp%2Fv2%2Fproduct_brand&post=802"},{"taxonomy":"product_cat","embeddable":true,"href":"https:\/\/storiakw.com\/index.php?rest_route=%2Fwp%2Fv2%2Fproduct_cat&post=802"},{"taxonomy":"product_tag","embeddable":true,"href":"https:\/\/storiakw.com\/index.php?rest_route=%2Fwp%2Fv2%2Fproduct_tag&post=802"}],"curies":[{"name":"wp","href":"https:\/\/api.w.org\/{rel}","templated":true}]}}